f k and 59.
59
Suppose -8*c + 6*c = -10. Suppose -7 - 3 = -c*b. Suppose b*h - 84 = -4*y + 7*h, 2*y + h - 56 = 0. Calculate the highest common factor of 65 and y.
13
Let o = -2807 + 10096. Calculate the highest common factor of 74 and o.
37
Let w = 980 - 535. Suppose -w = -15*b + 770. Calculate the highest common divisor of 135 and b.
27
Suppose 217*f = 189*f + 168. Suppose -s - q = -6*q + 9, 0 = 3*s + q - 5. What is the greatest common factor of s and f?
1
Let t be -1074*6*(-6)/54. Let x = t - 701. Calculate the highest common divisor of 375 and x.
15
Suppose -305*m + 20825 + 95911 = 151*m. Calculate the greatest common divisor of m and 14.
2
Suppose 0 = -27*q - 3*q + 50160. Calculate the greatest common divisor of 264 and q.
88
Let d be (-8)/10*15/6. Let l(i) = 116*i**2 + 24*i + 44. Let t be l(d). Calculate the greatest common divisor of t and 184.
92
Let p(k) = 3*k**2 - 4. Let b be p(-2). Suppose 19*u = b*u + 11. What is the greatest common factor of 4 and u?
1
Suppose 0 = 13*b + 93*b - 954. Let l = 1 - 89. Let m = l - -133. What is the highest common factor of m and b?
9
Suppose -3*n = -5*o - 14395, -16*n + 5*o + 19205 = -12*n. Calculate the highest common factor of n and 26.
26
Suppose 2232 = -30*w - 6*w. Suppose -17 = a - 122. Let x = a + w. What is the greatest common factor of x and 43?
43
Let f(v) = v**2 - 18 + 58 - 9819*v + 9811*v. Let q be f(0). Calculate the highest common factor of q and 8.
8
Let g be (-4416)/(-120) - -2*(-2)/(-20). Suppose -g = -4*w + 15. Suppose 26 = m - 0*m - 2*p, m - p = 26. What is the greatest common divisor of w and m?
13
Let g = 19168 + -10222. What is the greatest common factor of 84 and g?
42
Let j(w) = -w**2 - 74*w + 589. Let g be j(-81). What is the greatest common divisor of 11638 and g?
22
Let i(l) = -12*l + 2. Let h(g) = -6*g**2 + g. Let r be h(1). Let o be i(r). Let t = 89 - o. Calculate the highest common factor of t and 18.
9
Let j = 77 - -63. Let o = j + -112. Calculate the greatest common factor of 896 and o.
28
Suppose 32*c - 440 = 28*c. Let r(d) = -7*d + 8. Let w be r(-2). What is the greatest common factor of c and w?
22
Let w be (-120)/(-540) - (-20786)/18. What is the highest common factor of w and 66?
33
Let i be (-306)/18*(4 - 5). Let y = 2 + 2. Calculate the highest common divisor of i and y.
1
Suppose c + 5*w = 215, 3*w = -c + 4*w + 191. What is the highest common factor of 845 and c?
65
Let f(p) = -p**2 + 35*p - 25. Let b = 184 - 152. Let u be f(b). What is the highest common divisor of u and 142?
71
Suppose 388 = -11*v + 729. What is the greatest common divisor of v and 2511?
31
Let s = -17 - -29. Let y(t) be the second derivative of -t**4/12 - 13*t**3/6 - 3*t**2 - t - 27. Let b be y(-4). What is the greatest common factor of s and b?
6
Let f = 148 - 139. Suppose -f = -4*m + k, -6 = 2*m - 5*k + k. What is the greatest common factor of 15 and m?
3
Let y = 14 + 22. Suppose 2*c = -4*u + y, 3*u - 9 = 3*c + 9. Let v be (-286)/(-4) + 4/8. What is the greatest common divisor of v and u?
8
Let v be (2551 - 23)*(-5)/(-4). Let l = v + -2236. Calculate the highest common divisor of l and 12.
12
Suppose -w + 10 = 4*w. Let x = -52792 + 52801. Calculate the greatest common divisor of x and w.
1
Let l(v) = -v**3 - 4*v**2 + 8*v + 4. Let i = 26 + -15. Suppose 3*q - 48 = i*q. Let g be l(q). What is the greatest common factor of g and 42?
14
Let w = 1775 + -1071. What is the highest common divisor of w and 44?
44
Let q(a) = -8*a + 2. Let k be q(-1). Let w = k - -21. Let z = w - 27. Calculate the highest common divisor of z and 16.
4
Let m be 19/2*(37 - 29). Let x = 96 - m. Let q be -1 + 6/(-3) + 83. What is the highest common divisor of x and q?
20
Suppose 0 = -0*n - 19*n + 1577. Suppose n + 117 = 8*z. What is the highest common factor of 675 and z?
25
Suppose 63*b + 24*b + 89*b - 41888 = 0. What is the greatest common factor of 14 and b?
14
Let f be 5/(-25) - (-4653)/15. Suppose -f*g + 2016 = -304*g. What is the greatest common divisor of g and 560?
112
Let p be 1 + 1 + 0 - -2. Suppose -2*a + 0*d = 2*d + 6, 23 = 4*a - 3*d. Calculate the greatest common factor of a and p.
2
Suppose 5*w - 2*i = 45, 0 = -4*w - 2*i + 6*i + 48. Let m(l) = 8*l**2 + 16*l - 81. Let d be m(w). Calculate the greatest common factor of d and 9.
9
Let i(r) = r**3 - 41*r**2 + 82*r - 126. Let j be i(39). Let o = 90 - j. What is the greatest common factor of 330 and o?
30
Let j(t) = 16*t**2 - 4. Let h be j(-3). Let g = -24606 + 24634. Calculate the highest common divisor of h and g.
28
Suppose -23*h + 1526 + 5167 = 0. Let x = h + -250. Calculate the highest common factor of 205 and x.
41
Let y(b) = 3*b**2 + 27*b - 40. Let g be y(-11). What is the greatest common divisor of g and 2041?
13
Suppose w - 393 = -2*h + 1235, 6*h - 4884 = -4*w. What is the highest common divisor of h and 74?
74
Let l be 0 + (142 - 5) - -7. What is the highest common divisor of l and 1584?
144
Let u(d) = -96*d - 13332. Let a be u(-139). Let o = 29 - 11. What is the highest common divisor of o and a?
6
Let i(x) = -3*x + 5. Let q be i(-3). Suppose 5*c - 4*c = q. Suppose 9*w + 10 = c*w. What is the highest common divisor of 22 and w?
2
Let i = -145 + 525. Let p = i - 355. Calculate the greatest common divisor of p and 45.
5
Let t(i) = 46*i - 201. Let j be t(18). Let h = j - 227. Calculate the highest common factor of 50 and h.
50
Let a = 29 + -13. Let x(m) = -2*m**2 + 32*m + 12. Let t be x(a). Let p be (-68)/(-6) + 4/6. What is the greatest common divisor of t and p?
12
Suppose 0 = -j - 3*a - 24, -65 = 5*j + 2*a + 2*a. Suppose 2*y - 8 = 14. Let o = y - j. Calculate the greatest common divisor of 220 and o.
20
Let u(x) = -x**3 + 84*x**2 + 6*x - 344. Let k be u(84). Calculate the greatest common factor of 9760 and k.
160
Suppose -c + 0*l - l = -75, c + 5*l - 75 = 0. Suppose 4*y + 4*n = 52, -5*y + 5*n + c + 30 = 0. What is the highest common divisor of 697 and y?
17
Let r(t) = 96*t + 612. Let u be r(-4). What is the highest common factor of u and 732?
12
Let y(k) = -k**3 - 29*k**2 + 108*k - 200. Let u be y(-41). What is the highest common divisor of u and 116?
116
Let r = 7119 + -5499. What is the greatest common factor of 720 and r?
180
Let z be 294/3*(-113)/(-226). Suppose 2*u + 3*x - 961 - 307 = 0, -x = 2*u - 1272. Calculate the highest common divisor of u and z.
49
Suppose 5*z + 2579 = 3*t, -3*t + 1668 = 4*z - 956. Let y = -351 + t. What is the greatest common divisor of 33 and y?
11
Suppose 301 = -8*z + 461. Suppose -z*w + 9*w = -198. What is the greatest common divisor of 477 and w?
9
Let a(t) be the first derivative of -t**3/3 - 2*t**2 + 12*t - 17. Let y be a(0). Suppose -3*p = 2*p - 15. What is the greatest common divisor of y and p?
3
Let l = -14432 - -14456. Calculate the greatest common divisor of 14728 and l.
8
Let b(f) = -f**3 - 14*f**2 - 51*f + 14. Let t be b(-10). Suppose 8 = z - 23. What is the greatest common divisor of t and z?
31
Let n(a) = -21*a**3 + 10*a**2 - 9*a - 52. Let y be n(-4). What is the greatest common divisor of 60 and y?
12
Suppose -132 = -3*s + p, -14*s + 10*s + p = -176. Calculate the greatest common factor of s and 1364.
44
Let y(s) = -s**3 + s**2 - s + 66. Let m be (-4 + 0 + 4)/(-2). Let q be y(m). Let b = 13 + 31. Calculate the greatest common divisor of b and q.
22
Suppose 2*o = -r + 341, 4*o - 5*r - 627 = 4*r. Calculate the highest common factor of 488 and o.
8
Suppose -6*c = -42, v - 2*c + 3*c - 213 = 0. Calculate the greatest common factor of 515 and v.
103
Let c(b) = 1544*b + 10882. Let r be c(-7). What is the greatest common divisor of r and 1850?
74
Suppose -12*f = -6 - 114. Let s be (-71)/(-3) - f/(-60)*2. Suppose -252 = -3*j - 2*j + 3*d, 76 = 2*j + 5*d. What is the highest common factor of s and j?
24
Let o(r) = 24*r**2 + r - 4. Let s be o(-4). Let g = s + -222. Let a be (-288)/(-20) + (-4)/10. What is the greatest common factor of g and a?
14
Let b(v) be the second derivative of -v**5/20 - v**4/2 + 8*v**3/3 + 11*v**2/2 - 2*v + 1. Let l be b(-9). What is the highest common divisor of l and 130?
10
Let c(k) = 227*k**2 + 1. Let z be c(-1). Let g be (-26 - 50)/((-14)/28). What is the greatest common factor of g and z?
76
Let p be ((-222)/(-259))/(2 - 13/7). Let n be (-33)/3*(-2)/4*p. Calculate the greatest common fact